025 is divided by 425626?
17
What is the remainder when 7775707 is divided by 112?
107
Calculate the remainder when 102544844 is divided by 4003.
3996
What is the remainder when 8046709 is divided by 53?
37
What is the remainder when 7334839 is divided by 78869?
22
Calculate the remainder when 704441 is divided by 2444.
569
What is the remainder when 3323743 is divided by 38?
35
Calculate the remainder when 32222066 is divided by 262.
258
What is the remainder when 3068044 is divided by 717?
1
Calculate the remainder when 26835400 is divided by 1032128.
72
Calculate the remainder when 25128943 is divided by 220429.
37
Calculate the remainder when 3969367 is divided by 1984437.
493
What is the remainder when 662932 is divided by 661217?
1715
What is the remainder when 78352 is divided by 8361?
3103
What is the remainder when 3460396 is divided by 1153463?
7
Calculate the remainder when 1043438 is divided by 191.
5
What is the remainder when 19569654 is divided by 7853?
7831
What is the remainder when 80693 is divided by 16087?
258
Calculate the remainder when 567422 is divided by 117.
89
What is the remainder when 6753 is divided by 750?
3
What is the remainder when 950983 is divided by 118871?
15
What is the remainder when 125429 is divided by 24975?
554
What is the remainder when 9263029 is divided by 1636?
1633
Calculate the remainder when 57130147 is divided by 475.
472
What is the remainder when 326507 is divided by 2966?
247
Calculate the remainder when 1888740 is divided by 572.
568
Calculate the remainder when 285307 is divided by 10953.
529
Calculate the remainder when 2959805 is divided by 134536.
13
What is the remainder when 16271873 is divided by 127?
125
Calculate the remainder when 8892190 is divided by 68.
34
What is the remainder when 3135633 is divided by 52?
33
What is the remainder when 656431 is divided by 1209?
1153
What is the remainder when 5885912 is divided by 12?
8
Calculate the remainder when 24370319 is divided by 120.
119
What is the remainder when 193163 is divided by 26?
9
Calculate the remainder when 108874021 is divided by 41.
38
Calculate the remainder when 7535877 is divided by 1883964.
21
Calculate the remainder when 1469015 is divided by 293738.
325
What is the remainder when 879982 is divided by 42?
40
Calculate the remainder when 59350526 is divided by 29675263.
0
Calculate the remainder when 2575900 is divided by 7576.
60
What is the remainder when 461045 is divided by 162?
155
Calculate the remainder when 7037598 is divided by 463.
461
What is the remainder when 1849899 is divided by 257?
13
What is the remainder when 669242 is divided by 222615?
1397
Calculate the remainder when 3181976 is divided by 227283.
14
Calculate the remainder when 551932 is divided by 10997.
2082
What is the remainder when 4648758 is divided by 312?
270
Calculate the remainder when 3398 is divided by 426.
416
What is the remainder when 5343306 is divided by 104?
98
What is the remainder when 4883042 is divided by 525?
17
Calculate the remainder when 683361 is divided by 940.
921
Calculate the remainder when 256058 is divided by 85092.
782
What is the remainder when 1138147 is divided by 2047?
15
Calculate the remainder when 15808152 is divided by 43310.
2
What is the remainder when 4420521 is divided by 52618?
609
Calculate the remainder when 562987 is divided by 10053.
19
What is the remainder when 16059459 is divided by 330?
9
What is the remainder when 13408025 is divided by 874?
865
What is the remainder when 17585 is divided by 16529?
1056
Calculate the remainder when 23376318 is divided by 7792104.
6
Calculate the remainder when 797050 is divided by 796432.
618
What is the remainder when 6634027 is divided by 275?
202
Calculate the remainder when 8080928 is divided by 102288.
176
What is the remainder when 1171149647 is divided by 8336?
8335
What is the remainder when 62483 is divided by 2715?
38
What is the remainder when 330518 is divided by 3089?
3084
What is the remainder when 60948 is divided by 11196?
4968
Calculate the remainder when 15516 is divided by 13555.
1961
Calculate the remainder when 14352121 is divided by 428.
425
Calculate the remainder when 1100774 is divided by 4786.
4780
Calculate the remainder when 19275026 is divided by 341.
1
Calculate the remainder when 167680 is divided by 4298.
58
Calculate the remainder when 713070 is divided by 15501.
24
What is the remainder when 57089 is divided by 8147?
60
Calculate the remainder when 3681440 is divided by 548.
524
What is the remainder when 6526857 is divided by 819?
246
Calculate the remainder when 67769496 is divided by 201.
135
Calculate the remainder when 541484 is divided by 2616.
2588
Calculate the remainder when 7603465 is divided by 517.
463
Calculate the remainder when 1012177 is divided by 356.
69
Calculate the remainder when 406465 is divided by 2216.
937
What is the remainder when 81205 is divided by 2410?
1675
What is the remainder when 756631 is divided by 18915?
31
What is the remainder when 111410 is divided by 55653?
104
Calculate the remainder when 104153 is divided by 128.
89
Calculate the remainder when 1858102 is divided by 5578.
628
What is the remainder when 140507836 is divided by 355716?
16
What is the remainder when 7923824 is divided by 21358?
6
What is the remainder when 8322766 is divided by 1298?
1288
What is the remainder when 18111400 is divided by 884?
8
What is the remainder when 69002 is divided by 5182?
1636
What is the remainder when 598050542 is divided by 728?
726
Calculate the remainder when 2227 is divided by 1826.
401
Calculate the remainder when 7189041 is divided by 153.
30
Calculate the remainder when 8358076 is divided by 21.
13
Calculate the remainder when 18114 is divided by 366.
180
What is the remainder when 323679 is divided by 136?
135
What is the remainder when 1776399 is divided by 354987?
1464
What is the remainder when 3292110 is divided by 1328?
1326
What is the remainder when 3239352 is divided by 1388?
1148
Calculate the remainder when 2207612 is divided by 220715.
462
What is the remainder when 237257474 is divided by 398083?
6
Calculate the remainder when 565602 is divided by 57.
48
Calculate the remainder when 75328153 is divided by 15065617.
68
What is the remainder when 65851629 is divided by 82007?
8
Calculate the remainder when 58121604 is divided by 13120.
4
Calculate the remainder when 30007 is divided by 14997.
13
What is the remainder when 53641654 is divided by 9627?
10
Calculate the remainder when 4350310 is divided by 207.
205
What is the remainder when 599085 is divided by 74570?
2525
Calculate the remainder when 1051016 is divided by 32.
8
What is the remainder when 60704 is divided by 3186?
170
Calculate the remainder when 1574091 is divided by 152.
131
Calculate the remainder when 2111964 is divided by 43101.
15
Calculate the remainder when 832484 is divided by 674.
94
Calculate the remainder when 2973955 is divided by 1158.
211
What is the remainder when 66330248 is divided by 621?
617
What is the remainder when 883279 is divided by 98139?
28
What is the remainder when 189482 is divided by 1280?
42
What is the remainder when 4765449 is divided by 746?
1
Calculate the remainder when 1205786 is divided by 602781.
224
Calculate the remainder when 57669 is divided by 13938.
1917
What is the remainder when 270759762 is divided by 3?
0
Calculate the remainder when 42198018 is divided by 20.
18
What is the remainder when 508837 is divided by 409?
41
Calculate the remainder when 51128 is divided by 984.
944
What is the remainder when 39443228 is divided by 1141?
1140
What is the remainder when 7294623 is divided by 105?
63
What is the remainder when 50990 is divided by 663?
602
What is the remainder when 25355196 is divided by 237?
225
Calculate the remainder when 48644 is divided by 7934.
1040
Calculate the remainder when 463018 is divided by 811.
748
What is the remainder when 7792431 is divided by 916?
19
What is the remainder when 1528024 is divided by 857?
850
What is the remainder when 3153131 is divided by 15?
11
What is the remainder when 1372693 is divided by 52?
49
What is the remainder when 639022 is divided by 212178?
2488
Calculate the remainder when 126076 is divided